{"id":1052,"date":"2024-07-08T14:26:31","date_gmt":"2024-07-08T14:26:31","guid":{"rendered":"https:\/\/dungcutrilieu.com\/?product=goi-massage-co-unicare"},"modified":"2024-07-08T14:26:36","modified_gmt":"2024-07-08T14:26:36","slug":"goi-massage-co-unicare","status":"publish","type":"product","link":"https:\/\/dungcutrilieu.com\/?product=goi-massage-co-unicare","title":{"rendered":"G\u1ed1i Massage C\u1ed5 Unicare"},"content":{"rendered":"<\/p>\n<div class=\"prod-descp body-content\" id=\"anchor-info\">\n<p>Sau m\u1ed7i ng\u00e0y l\u00e0m vi\u1ec7c, c\u01a1 th\u1ec3 th\u01b0\u1eddng m\u1ec7t m\u1ecfi v\u00e0 c\u00f3 c\u1ea3m gi\u00e1c \u0111au nh\u1ee9c, nguy\u00ean nh\u00e2n c\u00f3 th\u1ec3 do b\u1ea1n l\u00e0m vi\u1ec7c qu\u00e1 s\u1ee9c, c\u0103ng th\u1eb3ng do c\u00f4ng vi\u1ec7c ho\u1eb7c ng\u1ed3i qu\u00e1 l\u00e2u b\u00ean m\u00e1y vi t\u00ednh, c\u0169ng c\u00f3 th\u1ec3 c\u00e1c c\u00f4ng vi\u1ec7c kh\u00e1c l\u00e0m b\u1ea1n l\u01b0\u1eddi v\u1eadn \u0111\u1ed9ng khi\u1ebfn x\u01b0\u01a1ng kh\u1edbp \u00edt ho\u1ea1t \u0111\u1ed9ng d\u1eabn \u0111\u1ebfn t\u00ea m\u1ecfi. \u0110\u1ed1i v\u1edbi c\u00e1c l\u00e1i xe \u0111\u01b0\u1eddng d\u00e0i th\u00ec vi\u1ec7c ng\u1ed3i m\u1ed9t m\u1ea1ch v\u00e0i gi\u1edd th\u1eadm ch\u00ed l\u00e0 v\u00e0i ch\u1ee5c gi\u1edd li\u00ean t\u1ee5c l\u00e0 chuy\u1ec7n kh\u00e1 ph\u1ed5 bi\u1ebfn. \u0110i\u1ec1u n\u00e0y l\u00e0m cho c\u01a1 th\u1ec3 c\u0103ng th\u1eb3ng, lu\u00f4n m\u1ec7t m\u1ecfi.<\/p>\n<p>ch\u00fang t\u00f4i xin gi\u1edbi thi\u1ec7u \u0111\u1ebfn qu\u00fd kh\u00e1ch h\u00e0ng s\u1ea3n ph\u1ea9m <em>&#8220;<\/em><strong>G\u1ed1i Massage Unicare<\/strong><em>\u00a0th\u1ebf h\u1ec7 m\u1edbi <\/em>\u00a0gi\u00fap l\u01b0u th\u00f4ng kh\u00ed huy\u1ebft cao c\u1ea5p, tin ch\u1eafc s\u1ebd mang l\u1ea1i k\u1ebft qu\u1ea3 m\u00e0 b\u1ea1n mong mu\u1ed1n nh\u1ea5t.<\/p>\n<p style=\"text-align: center\"><img decoding=\"async\" src=\"https:\/\/dungcutrilieu.com\/wp-content\/uploads\/2024\/07\/goi-massage-hong-ngoai-unicare-new_c2bde8e252b045ac88f52abb620d8dd6.jpg\" title=\"goi-massage-hong-ngoai-unicare-new_c2bde8e252b045ac88f52abb620d8dd6\"><\/p>\n<p>\u2705<strong> C\u00d4NG D\u1ee4NG:<\/strong><\/p>\n<p>&#8211; Gi\u00fap l\u01b0u th\u00f4ng kh\u00ed huy\u1ebft cao c\u1ea5p th\u00edch h\u1ee3p cho m\u1ecdi l\u1ee9a tu\u1ed5i v\u00e0 ng\u00e0nh ngh\u1ec1, ng\u01b0\u1eddi l\u1edbn tu\u1ed5i, ng\u01b0\u1eddi lao \u0111\u1ed9ng ch\u00e2n tay, sinh vi\u00ean h\u1ecdc sinh, d\u00e2n v\u0103n ph\u00f2ng,\u2026<\/p>\n<p>&#8211;\u00a0Gi\u1ea3m \u0111au, gi\u1ea3m t\u00ecnh tr\u1ea1ng c\u0103ng c\u1ee9ng c\u01a1 v\u00e0 xua tan m\u1ecdi c\u01a1n nh\u1ee9c m\u1ecfi, t\u1ea1o gi\u1ea5c ng\u1ee7 s\u00e2u, an l\u00e0nh.<\/p>\n<p>&#8211;\u00a0Gi\u1ea3m \u0111au nh\u1ee9c cho ng\u01b0\u1eddi gi\u00e0, \u0111\u00e1nh tan m\u1ee1 b\u1ee5ng v\u00e0 gi\u1ea3m \u0111au m\u1ecfi vai g\u00e1y cho ng\u01b0\u1eddi l\u00e0m vi\u1ec7c v\u0103n ph\u00f2ng, ng\u01b0\u1eddi l\u00e1i xe trong nhi\u1ec1u gi\u1edd.<\/p>\n<p>&#8211;\u00a0V\u1edbi 6\u00a0qu\u1ea3 c\u1ea7u l\u1eafp trong, k\u1ebft h\u1ee3p th\u00f4ng minh gi\u1eefa chuy\u1ec3n \u0111\u1ed9ng xoay tr\u00f2n v\u00e0 ch\u1ebf \u0111\u1ed9 t\u1ef1 \u0111\u1ea3o chi\u1ec1u gi\u00fap massage nh\u1eb9 nh\u00e0ng v\u00e0o c\u00e1c c\u01a1, huy\u1ec7t \u0111\u1ea1o, c\u00e1c v\u00f9ng \u0111au nh\u1ee9c, th\u01b0 gi\u00e3n tuy\u1ec7t \u0111\u1ed1i nh\u01b0 m\u1ed9t chuy\u00ean vi\u00ean massage.<\/p>\n<p>&#8211; T\u00e1c \u0111\u1ed9ng gi\u00fap l\u01b0u th\u00f4ng m\u00e1u d\u1ec5 d\u00e0ng, t\u0103ng c\u01b0\u1eddng s\u1ef1 trao \u0111\u1ed5i ch\u1ea5t c\u1ee7a c\u01a1 th\u1ec3.<\/p>\n<p>&#8211;\u00a0H\u1ed7 tr\u1ee3 tr\u1ecb li\u1ec7u cho c\u00e1c b\u1ec7nh nh\u00e2n \u0111au vai g\u00e1y, c\u1ed5, massage c\u00e1c v\u1ecb tr\u00ed l\u00e0m t\u0103ng hi\u1ec7u qu\u1ea3 \u0111i\u1ec1u tr\u1ecb b\u1ec7nh.<\/p>\n<p>&#8211;\u00a0G\u1ed1i m\u00e1t xa \u0111a n\u0103ng, c\u00f3 th\u1ec3 d\u00f9ng xoa b\u00f3p nhi\u1ec1u v\u1ecb tr\u00ed tr\u00ean c\u01a1 th\u1ec3: c\u1ed5, vai g\u00e1y, l\u01b0ng, b\u1ee5ng, \u0111\u00f9i, b\u1eafp ch\u00e2n, b\u00e0n tay, b\u00e0n ch\u00e2n,&#8230;<\/p>\n<p><em>\u2192\u00a0\u0110\u1eb7c bi\u1ec7t, t\u1ea5t c\u1ea3 ch\u1ee9c n\u0103ng \u0111\u1ec1u \u0111\u01b0\u1ee3c t\u00edch h\u1ee3p tr\u00ean m\u1ed9t n\u00fat b\u1ea5m, s\u1eed d\u1ee5ng \u0111\u01a1n gi\u1ea3n, k\u1ec3 c\u1ea3 v\u1edbi ng\u01b0\u1eddi gi\u00e0 d\u00f9ng c\u0169ng r\u1ea5t d\u1ec5 d\u00e0ng. \u0110\u00e2y th\u1ef1c s\u1ef1 l\u00e0 m\u00f3n qu\u00e0 \u00fd ngh\u0129a cho gia \u0111\u00ecnh!<\/em><\/p>\n<p style=\"text-align: center\"><img decoding=\"async\" src=\"https:\/\/dungcutrilieu.com\/wp-content\/uploads\/2024\/07\/goi-massage-hong-ngoai-unicare_3e0a09886a334b78a27379b75f74bc78.jpg\" title=\"goi-massage-hong-ngoai-unicare_3e0a09886a334b78a27379b75f74bc78\"><\/p>\n<p>\u2705<strong> \u01afU \u0110I\u1ec2M S\u1ea2N PH\u1ea8M:<\/strong><\/p>\n<p><strong>\u2022\u00a0<\/strong>Ki\u1ec3u d\u00e1ng sang tr\u1ecdng, b\u1eaft m\u1eaft, c\u00f3 th\u1ec3 th\u00e1o t\u00fai v\u1ea3i da b\u00ean ngo\u00e0i \u0111\u1ec3 v\u1ec7 sinh c\u00e1c qu\u1ea3 c\u1ea7u b\u00ean trong s\u1ea3n ph\u1ea9m.\u00a0Gi\u1eefa m\u00e1y c\u00f3 \u0111ai n\u1ecbt ti\u1ec7n d\u1ee5ng \u0111\u1ec3 b\u1ea1n n\u1ecbt c\u1ed1 \u0111\u1ecbnh ra sau, ch\u1eafc ch\u1eafn h\u01a1n trong l\u00fac massage tr\u1ecb li\u1ec7u.<\/p>\n<p><strong>\u2022\u00a0<\/strong>S\u1ea3n ph\u1ea9m \u0111\u01b0\u1ee3c thi\u1ebft k\u1ebf theo h\u00ecnh chi\u1ebfc g\u1ed1i cong g\u1ee3n s\u00f3ng nh\u1eb9, nh\u1eb1m mang l\u1ea1i c\u1ea3m gi\u00e1c tho\u1ea3i m\u00e1i v\u00e0 d\u1ec5 ch\u1ecbu cho ng\u01b0\u1eddi s\u1eed d\u1ee5ng. V\u1edbi k\u00edch th\u01b0\u1edbc 35&#215;11.2&#215;19.2 cm si\u00eau g\u1ecdn nh\u1eb9 c\u00f3 th\u1ec3 mang theo di chuy\u1ec3n d\u1ec5 d\u00e0ng, kh\u00f4ng chi\u1ebfm di\u1ec7n t\u00edch c\u1ea5t gi\u1eef, d\u1ec5 d\u00e0ng c\u1ea5t gi\u1eef v\u00e0 mang \u0111i, s\u1eed d\u1ee5ng m\u1ecdi l\u00fac m\u1ecdi n\u01a1i nh\u01b0: v\u0103n ph\u00f2ng, tr\u00ean xe \u00f4 t\u00f4 ho\u1eb7c trong nh\u1eefng chuy\u1ebfn du l\u1ecbch,\u2026 r\u1ea5t thu\u1eadn ti\u1ec7n massage nhi\u1ec1u v\u1ecb tr\u00ed tr\u00ean ng\u01b0\u1eddi.<\/p>\n<p><strong>\u2022\u00a0<\/strong>V\u1edbi l\u1edbp ngo\u00e0i \u0111\u01b0\u1ee3c l\u00e0m b\u1eb1ng da PU cao c\u1ea5p v\u1edbi c\u00e1c l\u1ed7 th\u00f4ng kh\u00ed nh\u1ecf m\u1eb7t tr\u01b0\u1edbc g\u1ed1i, t\u1ea1o s\u1ef1 th\u00f4ng tho\u00e1ng d\u1ec5 ch\u1ecbu cho ng\u01b0\u1eddi s\u1eed d\u1ee5ng.\u00a0B\u00ean c\u1ea1nh da PU, s\u1ea3n ph\u1ea9m c\u00f2n \u0111\u01b0\u1ee3c l\u00e0m t\u1eeb nh\u1ef1a t\u1ed5ng h\u1ee3p v\u00e0 cao su m\u1ec1m m\u1ecbn, \u00eam \u00e1i, c\u00f3 \u0111\u1ed9 \u0111\u00e0n h\u1ed3i t\u1ed1t, \u0111\u01b0\u1eddng may ch\u1eafc ch\u1eafn, an to\u00e0n d\u1ec5 ch\u1ecbu khi ti\u1ebfp x\u00fac v\u1edbi b\u1ec1 m\u1eb7t da, \u0111\u1eb7c bi\u1ec7t l\u1edbp l\u01b0\u1edbi gi\u00fap b\u1ea1n c\u00f3 c\u1ea3m gi\u00e1c tho\u1ea3i m\u00e1i kh\u00f4ng b\u1ecb b\u00ed b\u00e1ch kh\u00f3 ch\u1ecbu.<\/p>\n<p><strong>\u2022\u00a0<\/strong>V\u1edbi thi\u1ebft k\u1ebf t\u00e2n ti\u1ebfn\u00a0c\u00f4ng ngh\u1ec7 massage 3D nhi\u1ec1u chi\u1ec1u,\u00a0c\u00f3 kh\u1ea3 n\u0103ng xoay 360 \u0111\u1ed9, chi\u1ebfc g\u1ed1i\u00a0massage\u00a0xoa b\u00f3p v\u00e0o c\u00e1c c\u01a1 v\u00e0 huy\u1ec7t \u0111\u1ea1o\u00a0s\u1ebd gi\u00fap b\u1ea1n l\u00e0m gi\u1ea3m s\u1ef1 c\u0103ng c\u1ee9ng c\u01a1, k\u00edch th\u00edch l\u01b0u th\u00f4ng m\u1ea1ch m\u00e1u, gi\u1ea3m \u0111au m\u1ecfi c\u01a1 hi\u1ec7u qu\u1ea3, cho b\u1ea1n c\u1ea3m gi\u00e1c nh\u01b0 \u0111ang \u0111\u01b0\u1ee3c massage th\u1eadt s\u1ef1.<\/p>\n<p><strong>\u2022\u00a0<\/strong>T\u00edch h\u1ee3p\u00a01 n\u00fat \u0111i\u1ec1u khi\u1ec3n duy nh\u1ea5t\u00a0ngay tr\u00ean g\u1ed1i, d\u1ec5 d\u00e0ng \u0111i\u1ec1u khi\u1ec3n.\u00a0Thu\u1eadn ti\u1ec7n\u00a0chuy\u1ec3n \u0111\u1ed5i t\u1eeb ch\u1ebf \u0111\u1ed9 massage d\u1ec5 d\u00e0ng b\u1eb1ng n\u00fat ON\/OF tr\u00ean s\u1ea3n ph\u1ea9m\u00a0d\u1ec5 d\u00e0ng s\u1eed d\u1ee5ng\u00a0ph\u00f9 h\u1ee3p t\u00f9y theo nhu c\u1ea7u c\u1ee7a b\u1ea1n.<\/p>\n<p><strong>\u2022\u00a0<\/strong>M\u1eabu m\u1edbi thi\u1ebft k\u1ebf 6\u00a0bi gi\u00fap t\u0103ng ph\u1ea1m vi v\u00e0 t\u1ea7n su\u1ea5t ti\u1ebfp x\u00fac v\u1edbi da, gi\u00fap hi\u1ec7u qu\u1ea3 massage cao h\u01a1n. C\u01b0\u1eddng \u0111\u1ed9 massage nh\u1eb9 nh\u00e0ng nh\u01b0ng hi\u1ec7u qu\u1ea3. R\u1ea5t th\u00edch h\u1ee3p s\u1eed d\u1ee5ng cho ng\u01b0\u1eddi cao tu\u1ed5i.<\/p>\n<p><strong>\u2022\u00a0<\/strong>\u0110ai co d\u00e3n c\u00f3 ch\u1ee9c n\u0103ng c\u1ed1 \u0111\u1ecbnh l\u1ea1i v\u1ecb tr\u00ed an to\u00e0n kh\u00f4ng b\u1ecb x\u00ea d\u1ecbch trong l\u00fac\u00a0\u00a0massage\u00a0gi\u00fap ng\u01b0\u1eddi s\u1eed d\u1ee5ng c\u00f3 th\u1ec3 d\u1ec5 d\u00e0ng \u0111\u1eb7t v\u00e0o gh\u1ebf n\u01a1i l\u00e0m vi\u1ec7c, v\u0103n ph\u00f2ng, ph\u00f2ng kh\u00e1ch hay ngay gh\u1ebf tr\u00ean \u00f4 t\u00f4. C\u00f3 th\u00eam gi\u1eafc c\u1eafm d\u00e0nh cho xe \u00f4 t\u00f4 ti\u1ec7n l\u1ee3i khi ng\u01b0\u1eddi d\u00f9ng c\u00f3 th\u1ec3 mang theo trong c\u00e1c chuy\u1ebfn \u0111i, xua tan c\u0103ng th\u1eb3ng, m\u1ec7t m\u1ecfi trong nh\u1eefng chuy\u1ebfn \u0111i \u0111\u01b0\u1eddng d\u00e0i.<\/p>\n<p style=\"text-align: center\"><img decoding=\"async\" src=\"https:\/\/dungcutrilieu.com\/wp-content\/uploads\/2024\/07\/goi-massage-hong-ngoai-unicare-1_46ec4812429344d18c4c06f71e0d7ec0.jpg\" title=\"goi-massage-hong-ngoai-unicare-1_46ec4812429344d18c4c06f71e0d7ec0\"><\/p>\n<p><em><u><strong>M\u1ed9t s\u1ed1 l\u01b0u \u00fd khi d\u00f9ng m\u00e1y Massage:<\/strong><\/u><\/em><\/p>\n<p>&#8211;\u00a0D\u00f9ng \u00edt h\u01a1n 20 ph\u00fat m\u1ed7i l\u1ea7n.<\/p>\n<p>&#8211; C\u00f3 th\u1ec3 t\u0103ng th\u1eddi gian khi \u0111\u00e3 quen v\u1edbi m\u00e1y<\/p>\n<p>&#8211;\u00a0Kh\u00f4ng d\u00f9ng cho ph\u1ee5 n\u1eef mang thai, tr\u1ebb em.<\/p>\n<p>&#8211;\u00a0Sau khi d\u00f9ng xong nh\u1edb t\u1eaft ngu\u1ed3n, r\u00fat ph\u00edch \u0111i\u1ec7n.<\/p>\n<p>&#8211;\u00a0V\u1ec7 sinh nh\u1eb9 nh\u00e0ng cho m\u00e1y kh\u00f4ng v\u1eadt c\u1ee9ng, s\u1eafc, nh\u1ecdn c\u0169ng nh\u01b0 ch\u1ea5t t\u1ea9y r\u1eeda \u0111\u1ec3 v\u1ec7 sinh m\u00e1y\u00a0n\u00ean s\u1eed d\u1ee5ng b\u00f4ng m\u1ec1m v\u00e0 ch\u1ea5t t\u1ea9y r\u1eeda trung t\u00ednh \u0111\u1ec3 lau ch\u00f9i m\u00e1y.<\/p>\n<p>&#8211; Kh\u00f4ng \u0111\u1eb7t m\u00e1y \u1edf nh\u1eefng n\u01a1i \u1ea9m \u01b0\u1edbt, g\u1ea7n ngu\u1ed3n nhi\u1ec7t, b\u1ebfp<\/p>\n<div style=\"left: 20px;top: 53px\">\u00a0<\/div>\n<div id=\"WidgetFloaterPanels\" style=\"text-align: left;direction: ltr\" class=\"LTRStyle\">\n<div id=\"WidgetFloater\">\n<div id=\"WidgetLogoPanel\"><span><span>TRANSLATE with <\/span><img><\/span> <span>x<\/span><\/div>\n<div id=\"LanguageMenuPanel\">\n<div class=\"DDStyle_outer\">  <span class=\"DDStyle\">English<\/span><\/p>\n<div style=\"position:relative;text-align:left;left:0\">\n<div style=\"position:absolute;width:;left:0px\">\n<div class=\"DDStyle\" id=\"__LanguageMenu_popup\">\n<table id=\"LanguageMenu\" border=\"0\">\n<tbody>\n<tr>\n<td><a href=\"https:\/\/www.medishop.com.vn\/products\/goi-massage-hong-ngoai-unicare#ar\">Arabic<\/a><\/td>\n<td><a href=\"https:\/\/www.medishop.com.vn\/products\/goi-massage-hong-ngoai-unicare#he\">Hebrew<\/a><\/td>\n<td><a href=\"https:\/\/www.medishop.com.vn\/products\/goi-massage-hong-ngoai-unicare#pl\">Polish<\/a><\/td>\n<\/tr>\n<tr>\n<td><a href=\"https:\/\/www.medishop.com.vn\/products\/goi-massage-hong-ngoai-unicare#bg\">Bulgarian<\/a><\/td>\n<td><a href=\"https:\/\/www.medishop.com.vn\/products\/goi-massage-hong-ngoai-unicare#hi\">Hindi<\/a><\/td>\n<td><a href=\"https:\/\/www.medishop.com.vn\/products\/goi-massage-hong-ngoai-unicare#pt\">Portuguese<\/a><\/td>\n<\/tr>\n<tr>\n<td><a href=\"https:\/\/www.medishop.com.vn\/products\/goi-massage-hong-ngoai-unicare#ca\">Catalan<\/a><\/td>\n<td><a href=\"https:\/\/www.medishop.com.vn\/products\/goi-massage-hong-ngoai-unicare#mww\">Hmong Daw<\/a><\/td>\n<td><a href=\"https:\/\/www.medishop.com.vn\/products\/goi-massage-hong-ngoai-unicare#ro\">Romanian<\/a><\/td>\n<\/tr>\n<tr>\n<td><a href=\"https:\/\/www.medishop.com.vn\/products\/goi-massage-hong-ngoai-unicare#zh-CHS\">Chinese Simplified<\/a><\/td>\n<td><a href=\"https:\/\/www.medishop.com.vn\/products\/goi-massage-hong-ngoai-unicare#hu\">Hungarian<\/a><\/td>\n<td><a href=\"https:\/\/www.medishop.com.vn\/products\/goi-massage-hong-ngoai-unicare#ru\">Russian<\/a><\/td>\n<\/tr>\n<tr>\n<td><a href=\"https:\/\/www.medishop.com.vn\/products\/goi-massage-hong-ngoai-unicare#zh-CHT\">Chinese Traditional<\/a><\/td>\n<td><a href=\"https:\/\/www.medishop.com.vn\/products\/goi-massage-hong-ngoai-unicare#id\">Indonesian<\/a><\/td>\n<td><a href=\"https:\/\/www.medishop.com.vn\/products\/goi-massage-hong-ngoai-unicare#sk\">Slovak<\/a><\/td>\n<\/tr>\n<tr>\n<td><a href=\"https:\/\/www.medishop.com.vn\/products\/goi-massage-hong-ngoai-unicare#cs\">Czech<\/a><\/td>\n<td><a href=\"https:\/\/www.medishop.com.vn\/products\/goi-massage-hong-ngoai-unicare#it\">Italian<\/a><\/td>\n<td><a href=\"https:\/\/www.medishop.com.vn\/products\/goi-massage-hong-ngoai-unicare#sl\">Slovenian<\/a><\/td>\n<\/tr>\n<tr>\n<td><a href=\"https:\/\/www.medishop.com.vn\/products\/goi-massage-hong-ngoai-unicare#da\">Danish<\/a><\/td>\n<td><a href=\"https:\/\/www.medishop.com.vn\/products\/goi-massage-hong-ngoai-unicare#ja\">Japanese<\/a><\/td>\n<td><a href=\"https:\/\/www.medishop.com.vn\/products\/goi-massage-hong-ngoai-unicare#es\">Spanish<\/a><\/td>\n<\/tr>\n<tr>\n<td><a href=\"https:\/\/www.medishop.com.vn\/products\/goi-massage-hong-ngoai-unicare#nl\">Dutch<\/a><\/td>\n<td><a href=\"https:\/\/www.medishop.com.vn\/products\/goi-massage-hong-ngoai-unicare#tlh\">Klingon<\/a><\/td>\n<td><a href=\"https:\/\/www.medishop.com.vn\/products\/goi-massage-hong-ngoai-unicare#sv\">Swedish<\/a><\/td>\n<\/tr>\n<tr>\n<td><a href=\"https:\/\/www.medishop.com.vn\/products\/goi-massage-hong-ngoai-unicare#en\">English<\/a><\/td>\n<td><a href=\"https:\/\/www.medishop.com.vn\/products\/goi-massage-hong-ngoai-unicare#ko\">Korean<\/a><\/td>\n<td><a href=\"https:\/\/www.medishop.com.vn\/products\/goi-massage-hong-ngoai-unicare#th\">Thai<\/a><\/td>\n<\/tr>\n<tr>\n<td><a href=\"https:\/\/www.medishop.com.vn\/products\/goi-massage-hong-ngoai-unicare#et\">Estonian<\/a><\/td>\n<td><a href=\"https:\/\/www.medishop.com.vn\/products\/goi-massage-hong-ngoai-unicare#lv\">Latvian<\/a><\/td>\n<td><a href=\"https:\/\/www.medishop.com.vn\/products\/goi-massage-hong-ngoai-unicare#tr\">Turkish<\/a><\/td>\n<\/tr>\n<tr>\n<td><a href=\"https:\/\/www.medishop.com.vn\/products\/goi-massage-hong-ngoai-unicare#fi\">Finnish<\/a><\/td>\n<td><a href=\"https:\/\/www.medishop.com.vn\/products\/goi-massage-hong-ngoai-unicare#lt\">Lithuanian<\/a><\/td>\n<td><a href=\"https:\/\/www.medishop.com.vn\/products\/goi-massage-hong-ngoai-unicare#uk\">Ukrainian<\/a><\/td>\n<\/tr>\n<tr>\n<td><a href=\"https:\/\/www.medishop.com.vn\/products\/goi-massage-hong-ngoai-unicare#fr\">French<\/a><\/td>\n<td><a href=\"https:\/\/www.medishop.com.vn\/products\/goi-massage-hong-ngoai-unicare#ms\">Malay<\/a><\/td>\n<td><a href=\"https:\/\/www.medishop.com.vn\/products\/goi-massage-hong-ngoai-unicare#ur\">Urdu<\/a><\/td>\n<\/tr>\n<tr>\n<td><a href=\"https:\/\/www.medishop.com.vn\/products\/goi-massage-hong-ngoai-unicare#de\">German<\/a><\/td>\n<td><a href=\"https:\/\/www.medishop.com.vn\/products\/goi-massage-hong-ngoai-unicare#mt\">Maltese<\/a><\/td>\n<td><a href=\"https:\/\/www.medishop.com.vn\/products\/goi-massage-hong-ngoai-unicare#vi\">Vietnamese<\/a><\/td>\n<\/tr>\n<tr>\n<td><a href=\"https:\/\/www.medishop.com.vn\/products\/goi-massage-hong-ngoai-unicare#el\">Greek<\/a><\/td>\n<td><a href=\"https:\/\/www.medishop.com.vn\/products\/goi-massage-hong-ngoai-unicare#no\">Norwegian<\/a><\/td>\n<td><a href=\"https:\/\/www.medishop.com.vn\/products\/goi-massage-hong-ngoai-unicare#cy\">Welsh<\/a><\/td>\n<\/tr>\n<tr>\n<td><a href=\"https:\/\/www.medishop.com.vn\/products\/goi-massage-hong-ngoai-unicare#ht\">Haitian Creole<\/a><\/td>\n<td><a href=\"https:\/\/www.medishop.com.vn\/products\/goi-massage-hong-ngoai-unicare#fa\">Persian<\/a><\/td>\n<td>\u00a0<\/td>\n<\/tr>\n<\/tbody>\n<\/table>\n<p><img style=\"height:7px;width:17px;border-width:0px;left:20px\"><\/div>\n<\/div>\n<\/div>\n<\/div>\n<\/div>\n<div id=\"CTFLinksPanel\"><span><a title=\"Help\" target=\"_blank\" href=\"https:\/\/go.microsoft.com\/?linkid=9722454\" rel=\"noopener\"><img><\/a> <a title=\"Get this widget for your own site\"> <img><\/a> <a title=\"Share translated page with friends\"> <img><\/a> <\/span><\/div>\n<div id=\"FloaterProgressBar\">\u00a0<\/div>\n<\/div>\n<div id=\"WidgetFloaterCollapsed\"><span>TRANSLATE with <\/span><img><\/div>\n<div id=\"FloaterSharePanel\">\n<div id=\"ShareTextDiv\"><span>COPY THE URL BELOW <\/span><\/div>\n<div id=\"ShareTextboxDiv\"> <!--a id=&quot;TwitterLink&quot; title=&quot;Share on Twitter&quot;&gt; <img id=\"TwitterImg\" \/><\/a>  <img id=\"FacebookImg\" \/>&lt;\/a--> <a title=\"Email this translation\"> <img><\/a><\/div>\n<div id=\"ShareFooter\"><span><a> <img><\/a><\/span> <span><a title=\"Back To Translation\"> Back<\/a><\/span><\/div>\n<\/p><\/div>\n<div id=\"FloaterEmbed\">\n<div id=\"EmbedTextDiv\"><span>EMBED THE SNIPPET BELOW IN YOUR SITE<\/span> <a title=\"Copy this code and place it into your HTML.\"> <img><\/a><\/div>\n<div id=\"EmbedTextboxDiv\"><\/div>\n<div id=\"EmbedNoticeDiv\"><span>Enable collaborative features and customize widget: <a href=\"http:\/\/www.bing.com\/widget\/translator\" target=\"_blank\" rel=\"noopener\">Bing Webmaster Portal<\/a><\/span><\/div>\n<div id=\"EmbedFooterDiv\"><span><a title=\"Back To Translation\">Back<\/a><\/span><\/div>\n<\/div>\n<\/div>\n<p>\t$(&#8216;p:contains(&#8220;Phan &#272;&#259;ng L&#432;u&#8221;)&#8217;).html(`<\/p>\n<p style=\"text-align: center\"><strong><img decoding=\"async\" style=\"max-width: 100%;height: auto\" src=\"https:\/\/file.hstatic.net\/1000225641\/file\/25x25_f69545ac614b41bf95ccc6e0452a0155_grande.png\">360 Nguy&#7877;n V&#259;n Nghi, P.7, Q. G&ograve; V&#7845;p`);<\/p>\n<p>$(&#8216;p:contains(&#8220;addremove&#8221;)&#8217;).remove()<br \/>\n\t\t setTimeout(() =&gt; {<\/p>\n<p>           if(window.location.href.includes(&#8220;nhiet-ke-hong-ngoai-do-tran-microlife-nc200-new&#8221;)||window.location.href.includes(&#8220;khung-tap-di-co-ghe-ngoi&#8221;)||window.location.href.includes(&#8220;khung-tap-di-khong-ghe-ngoi&#8221;)||window.location.href.includes(&#8220;nhiet-ke-hong-ngoai-do-tran-mdf-usa&#8221;)) {<br \/>\n\t\t\/\/$(&#8220;#anchor-spec&#8221;).hide();<br \/>\n\t}<br \/>\n       }, 500);<\/p>\n<p> \t\t\t\/*<br \/>\n\t$(&#8220;#anchor-info img&#8221;).each(function() {<br \/>\n    \t\t$(this).addClass(&#8220;lazy&#8221;)<br \/>\n        $(this).attr(&#8220;data-src&#8221;,$(this).attr(&#8220;src&#8221;));<br \/>\n        $(this).attr(&#8220;src&#8221;,&#8217;\/\/hstatic.net\/0\/0\/global\/design\/theme-default\/no-image.png&#8217;);<\/p>\n<p>    });*\/<\/p>\n<p>$(&#8220;.prod-offer&#8221;).clone().appendTo(&#8220;.call2action&#8221;);<\/p>\n<p>$(&#8220;.call2action&#8221;).each(function(index){<\/p>\n<p>\t$(this).find(&#8216;input&#8217;).each(function(){<br \/>\n\t\t$(this).attr(&#8216;id&#8217;,$(this).attr(&#8216;id&#8217;)+index)<br \/>\n\t})<br \/>\n\t\t$(this).find(&#8216;label&#8217;).each(function(){<br \/>\n\t\t\t\t$(this).attr(&#8216;for&#8217;,$(this).attr(&#8216;for&#8217;)+index)<\/p>\n<p>\t})<br \/>\n})<\/p>\n<p>$(&#8220;.call2action .info-support,.call2action .detail-info-phone&#8221;).remove()<br \/>\n$(&#8220;.call2action&gt;div&#8221;).removeClass(&#8216;col-sm-8&#8217;);<br \/>\n$(&#8220;.call2action .send-support&#8221;).removeAttr(&#8216;onclick&#8217;);<br \/>\n$(&#8220;.call2action .send-support&#8221;).attr(&#8220;href&#8221;,&#8221;tel:0906.960.800&#8243;);<br \/>\n\t\t\t\t\t$(&#8220;.call2action .send-support .text-btn&#8221;).text(&#8220;0906.960.800&#8221;);<br \/>\n$(&#8220;.call2action&gt;div&#8221;).removeClass(&#8216;col-xs-12&#8217;)<br \/>\n\t$(&#8220;.call2action .variants .col-lg-8&#8221;).removeClass(&#8220;col-lg-8&#8221;).addClass(&#8220;col-lg-12&#8221;);<br \/>\n\t$(&#8220;.call2action .formphone&#8221;).attr(&#8220;style&#8221;,&#8221;width:340px&#8221;);<\/p>\n<div class=\"seemore hide\"> <a href=\"\">Xem th\u00eam chi ti\u1ebft<\/a><\/div>\n<\/p><\/div>\n","protected":false},"excerpt":{"rendered":"<p>Sau m\u1ed7i ng\u00e0y l\u00e0m vi\u1ec7c, c\u01a1 th\u1ec3 th\u01b0\u1eddng m\u1ec7t m\u1ecfi v\u00e0 c\u00f3 c\u1ea3m gi\u00e1c \u0111au nh\u1ee9c, nguy\u00ean nh\u00e2n c\u00f3 th\u1ec3 do b\u1ea1n l\u00e0m vi\u1ec7c qu\u00e1 s\u1ee9c, c\u0103ng th\u1eb3ng do c\u00f4ng vi\u1ec7c ho\u1eb7c ng\u1ed3i qu\u00e1 l\u00e2u b\u00ean m\u00e1y vi t\u00ednh, c\u0169ng c\u00f3 th\u1ec3 c\u00e1c c\u00f4ng vi\u1ec7c kh\u00e1c l\u00e0m b\u1ea1n l\u01b0\u1eddi v\u1eadn \u0111\u1ed9ng khi\u1ebfn x\u01b0\u01a1ng kh\u1edbp \u00edt &#8230;<\/p>\n","protected":false},"featured_media":1053,"comment_status":"closed","ping_status":"closed","template":"","meta":[],"product_cat":[66],"product_tag":[],"class_list":{"0":"post-1052","1":"product","2":"type-product","3":"status-publish","4":"has-post-thumbnail","6":"product_cat-tui-chuom-nong-lanh","8":"first","9":"instock","10":"shipping-taxable","11":"purchasable","12":"product-type-simple"},"_links":{"self":[{"href":"https:\/\/dungcutrilieu.com\/index.php?rest_route=\/wp\/v2\/product\/1052"}],"collection":[{"href":"https:\/\/dungcutrilieu.com\/index.php?rest_route=\/wp\/v2\/product"}],"about":[{"href":"https:\/\/dungcutrilieu.com\/index.php?rest_route=\/wp\/v2\/types\/product"}],"replies":[{"embeddable":true,"href":"https:\/\/dungcutrilieu.com\/index.php?rest_route=%2Fwp%2Fv2%2Fcomments&post=1052"}],"wp:featuredmedia":[{"embeddable":true,"href":"https:\/\/dungcutrilieu.com\/index.php?rest_route=\/wp\/v2\/media\/1053"}],"wp:attachment":[{"href":"https:\/\/dungcutrilieu.com\/index.php?rest_route=%2Fwp%2Fv2%2Fmedia&parent=1052"}],"wp:term":[{"taxonomy":"product_cat","embeddable":true,"href":"https:\/\/dungcutrilieu.com\/index.php?rest_route=%2Fwp%2Fv2%2Fproduct_cat&post=1052"},{"taxonomy":"product_tag","embeddable":true,"href":"https:\/\/dungcutrilieu.com\/index.php?rest_route=%2Fwp%2Fv2%2Fproduct_tag&post=1052"}],"curies":[{"name":"wp","href":"https:\/\/api.w.org\/{rel}","templated":true}]}}