{"id":1069,"date":"2024-07-08T14:41:01","date_gmt":"2024-07-08T14:41:01","guid":{"rendered":"https:\/\/dungcutrilieu.com\/?product=dung-dich-nuoc-muoi-meko-500ml"},"modified":"2024-07-08T14:41:02","modified_gmt":"2024-07-08T14:41:02","slug":"dung-dich-nuoc-muoi-meko-500ml","status":"publish","type":"product","link":"https:\/\/dungcutrilieu.com\/?product=dung-dich-nuoc-muoi-meko-500ml","title":{"rendered":"Dung D\u1ecbch N\u01b0\u1edbc Mu\u1ed1i MeKo 500ml"},"content":{"rendered":"<\/p>\n<div class=\"prod-descp body-content\" id=\"anchor-info\">\n<p><span><strong><a href=\"https:\/\/www.medishop.com.vn\/products\/dung-dich-nuoc-muoi-meko-500ml\">Dung D\u1ecbch N\u01b0\u1edbc Mu\u1ed1i MeKo 500ml<\/a>\u00a0<\/strong>\u0111\u01b0\u1ee3c d\u00f9ng trong c\u00e1c tr\u01b0\u1eddng h\u1ee3p t\u01b0\u1edbi, r\u1eeda, tr\u00e1ng trong c\u00e1c ph\u1eabu thu\u1eadt th\u00f4ng th\u01b0\u1eddng, d\u00f9ng trong c\u00e1c m\u1ee5c \u0111\u00edch pha lo\u00e3ng ho\u1eb7c l\u00e0m dung m\u00f4i cho c\u00e1c thu\u1ed1c d\u00f9ng trong t\u01b0\u1edbi r\u1eeda ph\u1eabu thu\u1eadt. <\/span><\/p>\n<p><span><a href=\"https:\/\/www.medishop.com.vn\/products\/dung-dich-nuoc-muoi-meko-500ml\"><strong>Dung D\u1ecbch N\u01b0\u1edbc Mu\u1ed1i MeKo 500ml<\/strong><\/a> \u0111\u01b0\u1ee3c s\u1eed d\u1ee5ng trong c\u00e1c ph\u00f2ng kh\u00e1m, b\u1ec7nh vi\u1ec7n v\u00e0 l\u00e0 s\u1ea3n ph\u1ea9m c\u1ea7n thi\u1ebft trong t\u1ee7 thu\u1ed1c m\u1ecdi gia \u0111\u00ecnh.<\/span><\/p>\n<p><strong>Quy c\u00e1ch \u0110\u00f3ng g\u00f3i: <\/strong><\/p>\n<p style=\"text-align: center\"><img decoding=\"async\" src=\"https:\/\/dungcutrilieu.com\/wp-content\/uploads\/2024\/07\/dung-dich-nuoc-muoi-mekophar_80f765eddf9a4514af4edab70e6ca842_grande.jpg\" title=\"dung-dich-nuoc-muoi-mekophar_80f765eddf9a4514af4edab70e6ca842_grande\"><\/p>\n<p style=\"text-align: center\"><em>(Dung t\u00edch 500ml: 20 chai\/th\u00f9ng)<\/em><\/p>\n<p>\u00a0<\/p>\n<p><strong>H\u1ea1n d\u00f9ng:\u00a0<\/strong>3 n\u0103m k\u1ec3 t\u1eeb ng\u00e0y s\u1ea3n xu\u1ea5t<\/p>\n<p><strong>B\u1ea3o qu\u1ea3n:\u00a0<\/strong>N\u01a1i kh\u00f4 (\u0111\u1ed9 \u1ea9m \u2264 70%), nhi\u1ec7t \u0111\u1ed9 kh\u00f4ng qu\u00e1 30<sup>o<\/sup>C, tr\u00e1nh \u00e1nh s\u00e1ng.<\/p>\n<p>\t$(&#8216;p:contains(&#8220;Phan &#272;&#259;ng L&#432;u&#8221;)&#8217;).html(`<\/p>\n<p style=\"text-align: center\"><strong><img decoding=\"async\" style=\"max-width: 100%;height: auto\" src=\"https:\/\/file.hstatic.net\/1000225641\/file\/25x25_f69545ac614b41bf95ccc6e0452a0155_grande.png\">360 Nguy&#7877;n V&#259;n Nghi, P.7, Q. G&ograve; V&#7845;p`);<\/p>\n<p>$(&#8216;p:contains(&#8220;addremove&#8221;)&#8217;).remove()<br \/>\n\t\t setTimeout(() =&gt; {<\/p>\n<p>           if(window.location.href.includes(&#8220;nhiet-ke-hong-ngoai-do-tran-microlife-nc200-new&#8221;)||window.location.href.includes(&#8220;khung-tap-di-co-ghe-ngoi&#8221;)||window.location.href.includes(&#8220;khung-tap-di-khong-ghe-ngoi&#8221;)||window.location.href.includes(&#8220;nhiet-ke-hong-ngoai-do-tran-mdf-usa&#8221;)) {<br \/>\n\t\t\/\/$(&#8220;#anchor-spec&#8221;).hide();<br \/>\n\t}<br \/>\n       }, 500);<\/p>\n<p> \t\t\t\/*<br \/>\n\t$(&#8220;#anchor-info img&#8221;).each(function() {<br \/>\n    \t\t$(this).addClass(&#8220;lazy&#8221;)<br \/>\n        $(this).attr(&#8220;data-src&#8221;,$(this).attr(&#8220;src&#8221;));<br \/>\n        $(this).attr(&#8220;src&#8221;,&#8217;\/\/hstatic.net\/0\/0\/global\/design\/theme-default\/no-image.png&#8217;);<\/p>\n<p>    });*\/<\/p>\n<p>$(&#8220;.prod-offer&#8221;).clone().appendTo(&#8220;.call2action&#8221;);<\/p>\n<p>$(&#8220;.call2action&#8221;).each(function(index){<\/p>\n<p>\t$(this).find(&#8216;input&#8217;).each(function(){<br \/>\n\t\t$(this).attr(&#8216;id&#8217;,$(this).attr(&#8216;id&#8217;)+index)<br \/>\n\t})<br \/>\n\t\t$(this).find(&#8216;label&#8217;).each(function(){<br \/>\n\t\t\t\t$(this).attr(&#8216;for&#8217;,$(this).attr(&#8216;for&#8217;)+index)<\/p>\n<p>\t})<br \/>\n})<\/p>\n<p>$(&#8220;.call2action .info-support,.call2action .detail-info-phone&#8221;).remove()<br \/>\n$(&#8220;.call2action&gt;div&#8221;).removeClass(&#8216;col-sm-8&#8217;);<br \/>\n$(&#8220;.call2action .send-support&#8221;).removeAttr(&#8216;onclick&#8217;);<br \/>\n$(&#8220;.call2action .send-support&#8221;).attr(&#8220;href&#8221;,&#8221;tel:0906.960.800&#8243;);<br \/>\n\t\t\t\t\t$(&#8220;.call2action .send-support .text-btn&#8221;).text(&#8220;0906.960.800&#8221;);<br \/>\n$(&#8220;.call2action&gt;div&#8221;).removeClass(&#8216;col-xs-12&#8217;)<br \/>\n\t$(&#8220;.call2action .variants .col-lg-8&#8221;).removeClass(&#8220;col-lg-8&#8221;).addClass(&#8220;col-lg-12&#8221;);<br \/>\n\t$(&#8220;.call2action .formphone&#8221;).attr(&#8220;style&#8221;,&#8221;width:340px&#8221;);<\/p>\n<div class=\"seemore hide\"> <a href=\"\">Xem th\u00eam chi ti\u1ebft<\/a><\/div>\n<\/p><\/div>\n","protected":false},"excerpt":{"rendered":"<p>Dung D\u1ecbch N\u01b0\u1edbc Mu\u1ed1i MeKo 500ml\u00a0\u0111\u01b0\u1ee3c d\u00f9ng trong c\u00e1c tr\u01b0\u1eddng h\u1ee3p t\u01b0\u1edbi, r\u1eeda, tr\u00e1ng trong c\u00e1c ph\u1eabu thu\u1eadt th\u00f4ng th\u01b0\u1eddng, d\u00f9ng trong c\u00e1c m\u1ee5c \u0111\u00edch pha lo\u00e3ng ho\u1eb7c l\u00e0m dung m\u00f4i cho c\u00e1c thu\u1ed1c d\u00f9ng trong t\u01b0\u1edbi r\u1eeda ph\u1eabu thu\u1eadt. Dung D\u1ecbch N\u01b0\u1edbc Mu\u1ed1i MeKo 500ml \u0111\u01b0\u1ee3c s\u1eed d\u1ee5ng trong c\u00e1c ph\u00f2ng kh\u00e1m, b\u1ec7nh vi\u1ec7n &#8230;<\/p>\n","protected":false},"featured_media":1070,"comment_status":"closed","ping_status":"closed","template":"","meta":[],"product_cat":[53],"product_tag":[],"class_list":{"0":"post-1069","1":"product","2":"type-product","3":"status-publish","4":"has-post-thumbnail","6":"product_cat-dau-massage","8":"first","9":"instock","10":"shipping-taxable","11":"purchasable","12":"product-type-simple"},"_links":{"self":[{"href":"https:\/\/dungcutrilieu.com\/index.php?rest_route=\/wp\/v2\/product\/1069"}],"collection":[{"href":"https:\/\/dungcutrilieu.com\/index.php?rest_route=\/wp\/v2\/product"}],"about":[{"href":"https:\/\/dungcutrilieu.com\/index.php?rest_route=\/wp\/v2\/types\/product"}],"replies":[{"embeddable":true,"href":"https:\/\/dungcutrilieu.com\/index.php?rest_route=%2Fwp%2Fv2%2Fcomments&post=1069"}],"wp:featuredmedia":[{"embeddable":true,"href":"https:\/\/dungcutrilieu.com\/index.php?rest_route=\/wp\/v2\/media\/1070"}],"wp:attachment":[{"href":"https:\/\/dungcutrilieu.com\/index.php?rest_route=%2Fwp%2Fv2%2Fmedia&parent=1069"}],"wp:term":[{"taxonomy":"product_cat","embeddable":true,"href":"https:\/\/dungcutrilieu.com\/index.php?rest_route=%2Fwp%2Fv2%2Fproduct_cat&post=1069"},{"taxonomy":"product_tag","embeddable":true,"href":"https:\/\/dungcutrilieu.com\/index.php?rest_route=%2Fwp%2Fv2%2Fproduct_tag&post=1069"}],"curies":[{"name":"wp","href":"https:\/\/api.w.org\/{rel}","templated":true}]}}