{"id":1170,"date":"2024-07-09T02:09:33","date_gmt":"2024-07-09T02:09:33","guid":{"rendered":"https:\/\/dungcutrilieu.com\/?product=dung-dich-nuoc-muoi-vp-1000ml"},"modified":"2024-07-09T02:09:35","modified_gmt":"2024-07-09T02:09:35","slug":"dung-dich-nuoc-muoi-vp-1000ml","status":"publish","type":"product","link":"https:\/\/dungcutrilieu.com\/?product=dung-dich-nuoc-muoi-vp-1000ml","title":{"rendered":"Dung D\u1ecbch N\u01b0\u1edbc Mu\u1ed1i VP 1000ml"},"content":{"rendered":"<\/p>\n<div class=\"prod-descp body-content\" id=\"anchor-info\">\n<p><a href=\"https:\/\/www.medishop.com.vn\/products\/dung-dich-nuoc-muoi-vp-1000ml\"><strong>Dung D\u1ecbch N\u01b0\u1edbc Mu\u1ed1i VP 1000ml<\/strong><\/a><span>\u00a0sau khi qua h\u1ec7 th\u1ed1ng l\u1ecdc \u0111\u1ec1u \u0111\u01b0\u1ee3c ch\u1ea1y qua tia UV \u0111\u1ec3 ti\u00eau di\u1ec7t 99,99% vi khu\u1ea9n\u00a0v\u00e0\u00a0lo\u1ea1i b\u1ecf t\u1ea5t c\u1ea3 nh\u1eefng\u00a0t\u1ea1p ch\u1ea5t c\u00f3 trong n\u01b0\u1edbc . N\u00ean khi b\u1ea1n d\u00f9ng Natri Clorid 0,9% VP b\u1ea1n s\u1ebd kh\u00f4ng ph\u1ea3i lo l\u1eafng v\u1ec1 ch\u1ea5t l\u01b0\u1ee3ng s\u1ea3n ph\u1ea9m.<\/span><\/p>\n<p><strong>N\u01b0\u1edbc mu\u1ed1i sinh l\u00fd\u00a0Natri clorid<\/strong>\u00a00,9% c\u00f3 t\u00e1c d\u1ee5ng s\u00e1t khu\u1ea9n v\u00e0 an to\u00e0n cho m\u1ecdi l\u1ee9a tu\u1ed5i. N\u01b0\u1edbc mu\u1ed1i sinh l\u00fd c\u0169ng c\u00f3 th\u1ec3 d\u00f9ng l\u00e0m dung d\u1ecbch kh\u00ed dung c\u00f3 t\u00e1c d\u1ee5ng l\u00e0m s\u1ea1ch m\u0169i, h\u1ecdng.<\/p>\n<ul>\n<li>Ph\u00f2ng ch\u1ed1ng c\u00e1c b\u1ec7nh r\u0103ng mi\u1ec7ng: vi\u00eam ch\u00e2n r\u0103ng, vi\u00eam l\u1ee3i, vi\u00eam h\u1ecdng, vi\u00eam amidan, c\u00e1c b\u1ec7nh l\u00e2y qua \u0111\u01b0\u1eddng h\u00f4 h\u1ea5p.<\/li>\n<li>R\u1eeda s\u00e1t tr\u00f9ng v\u1ebft th\u01b0\u01a1ng, v\u1ebft lo\u00e9t \u1edf mi\u1ec7ng, h\u1ecdng v\u00e0 ngo\u00e0i da, ch\u1eefa vi\u00eam xoang.<\/li>\n<li>R\u1eeda m\u1eb7t, m\u1eaft, m\u0169i, tai v\u00e0 c\u00e1c v\u1ebft m\u1ea9n ng\u1ee9a d\u1ecb \u1ee9ng. \u0110\u1eb7c bi\u1ec7t sau khi tham gia giao th\u00f4ng v\u00e0 l\u00e0m vi\u1ec7c \u1edf m\u00f4i tr\u01b0\u1eddng kh\u00f3i, b\u1ee5i, h\u00f3a ch\u1ea5t, c\u00e1c c\u00f4ng tr\u01b0\u1eddng.<\/li>\n<\/ul>\n<p style=\"text-align: center\"><img decoding=\"async\" src=\"https:\/\/dungcutrilieu.com\/wp-content\/uploads\/2024\/07\/nuoc-muoi-vp-1000ml_940084e0e6534642b81ddabb3795c505.jpg\" title=\"nuoc-muoi-vp-1000ml_940084e0e6534642b81ddabb3795c505\"><\/p>\n<p style=\"text-align: center\">(Dung d\u1ecbch n\u01b0\u1edbc mu\u1ed1i VP 1000ml)<\/p>\n<p style=\"text-align: center\">\u00a0<\/p>\n<p><strong>Quy c\u00e1ch<\/strong>: 12chai\/th\u00f9ng<\/p>\n<p><strong>C\u00e1ch d\u00f9ng:<\/strong><\/p>\n<ul>\n<li>S\u00fac h\u1ecdng mi\u1ec7ng: Ng\u00e2m 20 \u2013 30ml kh\u00f4ng pha lo\u00e3ng, s\u00fac k\u1ef9 trong kho\u1ea3ng 30 gi\u00e2y, th\u1ef1c hi\u1ec7n ng\u00e0y 2-3 l\u1ea7n.<\/li>\n<li>R\u1eeda m\u1eaft m\u0169i, tai v\u00e0 c\u00e1c v\u1ebft th\u01b0\u01a1ng, m\u1ea9n ng\u1ee9a, d\u1ecb \u1ee9ng: d\u00f9ng b\u00f4ng ho\u1eb7c g\u1ea1c m\u1ec1m s\u1ea1ch t\u1ea9m dung d\u1ecbch r\u1eeda ng\u00e0y 3-4 l\u1ea7n.<\/li>\n<\/ul>\n<p><strong>B\u1ea3o qu\u1ea3n:<\/strong><\/p>\n<p style=\"padding-left: 30px\">\u2013 \u00a0\u0110\u1ec3 n\u01a1i kh\u00f4 m\u00e1t, xa t\u1ea7m tay tr\u1ebb em.<\/p>\n<p>\t$(&#8216;p:contains(&#8220;Phan &#272;&#259;ng L&#432;u&#8221;)&#8217;).html(`<\/p>\n<p style=\"text-align: center\"><strong><img decoding=\"async\" style=\"max-width: 100%;height: auto\" src=\"https:\/\/file.hstatic.net\/1000225641\/file\/25x25_f69545ac614b41bf95ccc6e0452a0155_grande.png\">360 Nguy&#7877;n V&#259;n Nghi, P.7, Q. G&ograve; V&#7845;p`);<\/p>\n<p>$(&#8216;p:contains(&#8220;addremove&#8221;)&#8217;).remove()<br \/>\n\t\t setTimeout(() =&gt; {<\/p>\n<p>           if(window.location.href.includes(&#8220;nhiet-ke-hong-ngoai-do-tran-microlife-nc200-new&#8221;)||window.location.href.includes(&#8220;khung-tap-di-co-ghe-ngoi&#8221;)||window.location.href.includes(&#8220;khung-tap-di-khong-ghe-ngoi&#8221;)||window.location.href.includes(&#8220;nhiet-ke-hong-ngoai-do-tran-mdf-usa&#8221;)) {<br \/>\n\t\t\/\/$(&#8220;#anchor-spec&#8221;).hide();<br \/>\n\t}<br \/>\n       }, 500);<\/p>\n<p> \t\t\t\/*<br \/>\n\t$(&#8220;#anchor-info img&#8221;).each(function() {<br \/>\n    \t\t$(this).addClass(&#8220;lazy&#8221;)<br \/>\n        $(this).attr(&#8220;data-src&#8221;,$(this).attr(&#8220;src&#8221;));<br \/>\n        $(this).attr(&#8220;src&#8221;,&#8217;\/\/hstatic.net\/0\/0\/global\/design\/theme-default\/no-image.png&#8217;);<\/p>\n<p>    });*\/<\/p>\n<p>$(&#8220;.prod-offer&#8221;).clone().appendTo(&#8220;.call2action&#8221;);<\/p>\n<p>$(&#8220;.call2action&#8221;).each(function(index){<\/p>\n<p>\t$(this).find(&#8216;input&#8217;).each(function(){<br \/>\n\t\t$(this).attr(&#8216;id&#8217;,$(this).attr(&#8216;id&#8217;)+index)<br \/>\n\t})<br \/>\n\t\t$(this).find(&#8216;label&#8217;).each(function(){<br \/>\n\t\t\t\t$(this).attr(&#8216;for&#8217;,$(this).attr(&#8216;for&#8217;)+index)<\/p>\n<p>\t})<br \/>\n})<\/p>\n<p>$(&#8220;.call2action .info-support,.call2action .detail-info-phone&#8221;).remove()<br \/>\n$(&#8220;.call2action&gt;div&#8221;).removeClass(&#8216;col-sm-8&#8217;);<br \/>\n$(&#8220;.call2action .send-support&#8221;).removeAttr(&#8216;onclick&#8217;);<br \/>\n$(&#8220;.call2action .send-support&#8221;).attr(&#8220;href&#8221;,&#8221;tel:0906.960.800&#8243;);<br \/>\n\t\t\t\t\t$(&#8220;.call2action .send-support .text-btn&#8221;).text(&#8220;0906.960.800&#8221;);<br \/>\n$(&#8220;.call2action&gt;div&#8221;).removeClass(&#8216;col-xs-12&#8217;)<br \/>\n\t$(&#8220;.call2action .variants .col-lg-8&#8221;).removeClass(&#8220;col-lg-8&#8221;).addClass(&#8220;col-lg-12&#8221;);<br \/>\n\t$(&#8220;.call2action .formphone&#8221;).attr(&#8220;style&#8221;,&#8221;width:340px&#8221;);<\/p>\n<div class=\"seemore hide\"> <a href=\"\">Xem th\u00eam chi ti\u1ebft<\/a><\/div>\n<\/p><\/div>\n","protected":false},"excerpt":{"rendered":"<p>Dung D\u1ecbch N\u01b0\u1edbc Mu\u1ed1i VP 1000ml\u00a0sau khi qua h\u1ec7 th\u1ed1ng l\u1ecdc \u0111\u1ec1u \u0111\u01b0\u1ee3c ch\u1ea1y qua tia UV \u0111\u1ec3 ti\u00eau di\u1ec7t 99,99% vi khu\u1ea9n\u00a0v\u00e0\u00a0lo\u1ea1i b\u1ecf t\u1ea5t c\u1ea3 nh\u1eefng\u00a0t\u1ea1p ch\u1ea5t c\u00f3 trong n\u01b0\u1edbc . N\u00ean khi b\u1ea1n d\u00f9ng Natri Clorid 0,9% VP b\u1ea1n s\u1ebd kh\u00f4ng ph\u1ea3i lo l\u1eafng v\u1ec1 ch\u1ea5t l\u01b0\u1ee3ng s\u1ea3n ph\u1ea9m. N\u01b0\u1edbc mu\u1ed1i sinh l\u00fd\u00a0Natri &#8230;<\/p>\n","protected":false},"featured_media":1171,"comment_status":"closed","ping_status":"closed","template":"","meta":[],"product_cat":[53],"product_tag":[],"class_list":{"0":"post-1170","1":"product","2":"type-product","3":"status-publish","4":"has-post-thumbnail","6":"product_cat-dau-massage","8":"first","9":"instock","10":"shipping-taxable","11":"purchasable","12":"product-type-simple"},"_links":{"self":[{"href":"https:\/\/dungcutrilieu.com\/index.php?rest_route=\/wp\/v2\/product\/1170"}],"collection":[{"href":"https:\/\/dungcutrilieu.com\/index.php?rest_route=\/wp\/v2\/product"}],"about":[{"href":"https:\/\/dungcutrilieu.com\/index.php?rest_route=\/wp\/v2\/types\/product"}],"replies":[{"embeddable":true,"href":"https:\/\/dungcutrilieu.com\/index.php?rest_route=%2Fwp%2Fv2%2Fcomments&post=1170"}],"wp:featuredmedia":[{"embeddable":true,"href":"https:\/\/dungcutrilieu.com\/index.php?rest_route=\/wp\/v2\/media\/1171"}],"wp:attachment":[{"href":"https:\/\/dungcutrilieu.com\/index.php?rest_route=%2Fwp%2Fv2%2Fmedia&parent=1170"}],"wp:term":[{"taxonomy":"product_cat","embeddable":true,"href":"https:\/\/dungcutrilieu.com\/index.php?rest_route=%2Fwp%2Fv2%2Fproduct_cat&post=1170"},{"taxonomy":"product_tag","embeddable":true,"href":"https:\/\/dungcutrilieu.com\/index.php?rest_route=%2Fwp%2Fv2%2Fproduct_tag&post=1170"}],"curies":[{"name":"wp","href":"https:\/\/api.w.org\/{rel}","templated":true}]}}